17
What is the remainder when 227 is divided by 64?
35
What is the remainder when 517 is divided by 65?
62
What is the remainder when 259 is divided by 29?
27
What is the remainder when 48 is divided by 13?
9
Calculate the remainder when 195 is divided by 155.
40
Calculate the remainder when 501 is divided by 24.
21
Calculate the remainder when 453 is divided by 30.
3
Calculate the remainder when 1609 is divided by 85.
79
What is the remainder when 444 is divided by 20?
4
What is the remainder when 92 is divided by 34?
24
What is the remainder when 348 is divided by 117?
114
Calculate the remainder when 825 is divided by 6.
3
What is the remainder when 430 is divided by 29?
24
What is the remainder when 731 is divided by 357?
17
Calculate the remainder when 917 is divided by 10.
7
Calculate the remainder when 64 is divided by 17.
13
Calculate the remainder when 1308 is divided by 7.
6
What is the remainder when 1172 is divided by 97?
8
Calculate the remainder when 4119 is divided by 1024.
23
What is the remainder when 25113 is divided by 156?
153
What is the remainder when 2821 is divided by 352?
5
Calculate the remainder when 126 is divided by 68.
58
What is the remainder when 1324 is divided by 16?
12
Calculate the remainder when 719 is divided by 191.
146
What is the remainder when 53 is divided by 8?
5
What is the remainder when 431 is divided by 31?
28
What is the remainder when 157 is divided by 72?
13
Calculate the remainder when 97 is divided by 28.
13
Calculate the remainder when 161 is divided by 145.
16
Calculate the remainder when 62 is divided by 25.
12
Calculate the remainder when 657 is divided by 219.
0
What is the remainder when 104 is divided by 31?
11
What is the remainder when 396 is divided by 98?
4
What is the remainder when 93 is divided by 52?
41
Calculate the remainder when 122 is divided by 29.
6
What is the remainder when 158 is divided by 43?
29
Calculate the remainder when 126 is divided by 55.
16
Calculate the remainder when 536 is divided by 18.
14
Calculate the remainder when 430 is divided by 83.
15
Calculate the remainder when 292 is divided by 14.
12
What is the remainder when 334 is divided by 125?
84
What is the remainder when 464 is divided by 59?
51
What is the remainder when 174 is divided by 150?
24
What is the remainder when 366 is divided by 88?
14
What is the remainder when 387 is divided by 6?
3
Calculate the remainder when 147 is divided by 30.
27
Calculate the remainder when 59 is divided by 31.
28
Calculate the remainder when 234 is divided by 105.
24
What is the remainder when 66 is divided by 18?
12
Calculate the remainder when 2232 is divided by 2.
0
Calculate the remainder when 403 is divided by 128.
19
What is the remainder when 177 is divided by 6?
3
What is the remainder when 312 is divided by 98?
18
What is the remainder when 453 is divided by 413?
40
What is the remainder when 297 is divided by 20?
17
What is the remainder when 441 is divided by 110?
1
What is the remainder when 546 is divided by 188?
170
What is the remainder when 19040 is divided by 33?
32
What is the remainder when 116 is divided by 20?
16
What is the remainder when 548 is divided by 9?
8
Calculate the remainder when 104 is divided by 32.
8
Calculate the remainder when 174 is divided by 162.
12
What is the remainder when 110 is divided by 28?
26
What is the remainder when 297 is divided by 283?
14
What is the remainder when 5948 is divided by 35?
33
Calculate the remainder when 49 is divided by 13.
10
What is the remainder when 139 is divided by 27?
4
What is the remainder when 452 is divided by 72?
20
Calculate the remainder when 1173 is divided by 80.
53
Calculate the remainder when 1235 is divided by 40.
35
Calculate the remainder when 446 is divided by 31.
12
What is the remainder when 800 is divided by 73?
70
What is the remainder when 263 is divided by 6?
5
What is the remainder when 982 is divided by 428?
126
What is the remainder when 864 is divided by 288?
0
What is the remainder when 481 is divided by 21?
19
Calculate the remainder when 120 is divided by 16.
8
Calculate the remainder when 1645 is divided by 233.
14
Calculate the remainder when 381 is divided by 77.
73
What is the remainder when 78 is divided by 40?
38
What is the remainder when 89 is divided by 10?
9
Calculate the remainder when 5927 is divided by 43.
36
What is the remainder when 320 is divided by 107?
106
Calculate the remainder when 3583 is divided by 22.
19
Calculate the remainder when 87 is divided by 41.
5
What is the remainder when 695 is divided by 27?
20
What is the remainder when 528 is divided by 174?
6
What is the remainder when 3693 is divided by 77?
74
Calculate the remainder when 416 is divided by 38.
36
Calculate the remainder when 583 is divided by 195.
193
What is the remainder when 3625 is divided by 260?
245
What is the remainder when 1051 is divided by 62?
59
What is the remainder when 338 is divided by 68?
66
Calculate the remainder when 137 is divided by 7.
4
What is the remainder when 249 is divided by 80?
9
Calculate the remainder when 1195 is divided by 297.
7
What is the remainder when 487 is divided by 82?
77
What is the remainder when 344 is divided by 155?
34
What is the remainder when 208 is divided by 82?
44
What is the remainder when 93 is divided by 29?
6
Calculate the remainder when 595 is divided by 50.
45
What is the remainder when 2404 is divided by 53?
19
What is the remainder when 174 is divided by 94?
80
What is the remainder when 279 is divided by 70?
69
Calculate the remainder when 769 is divided by 289.
191
What is the remainder when 71 is divided by 12?
11
What is the remainder when 10274 is divided by 75?
74
What is the remainder when 5332 is divided by 20?
12
What is the remainder when 2133 is divided by 31?
25
Calculate the remainder when 23 is divided by 6.
5
What is the remainder when 679 is divided by 20?
19
Calculate the remainder when 2350 is divided by 11.
7
What is the remainder when 1084 is divided by 31?
30
Calculate the remainder when 111 is divided by 100.
11
What is the remainder when 104 is divided by 31?
11
Calculate the remainder when 268 is divided by 123.
22
What is the remainder when 965 is divided by 195?
185
Calculate the remainder when 390 is divided by 22.
16
Calculate the remainder when 161 is divided by 46.
23
Calculate the remainder when 1371 is divided by 11.
7
What is the remainder when 144 is divided by 46?
6
What is the remainder when 107 is divided by 71?
36
Calculate the remainder when 42 is divided by 7.
0
What is the remainder when 101 is divided by 33?
2
What is the remainder when 693 is divided by 58?
55
What is the remainder when 43 is divided by 26?
17
Calculate the remainder when 109 is divided by 32.
13
What is the remainder when 258 is divided by 34?
20
Calculate the remainder when 1919 is divided by 87.
5
What is the remainder when 2582 is divided by 520?
502
What is the remainder when 2585 is divided by 16?
9
What is the remainder when 17487 is divided by 159?
156
What is the remainder when 298 is divided by 104?
90
Calculate the remainder when 309 is divided by 53.
44
What is the remainder when 2853 is divided by 708?
21
What is the remainder when 184 is divided by 19?
13
What is the remainder when 745 is divided by 371?
3
What is the remainder when 45 is divided by 10?
5
Calculate the remainder when 376 is divided by 17.
2
Calculate the remainder when 188 is divided by 21.
20
Calculate the remainder when 66 is divided by 36.
30
Calculate the remainder when 983 is divided by 379.
225
What is the remainder when 86 is divided by 6?
2
Calculate the remainder when 216 is divided by 7.
6
Calculate the remainder when 19 is divided by 15.
4
Calculate the remainder when 132 is divided by 24.
12
What is the remainder when 372 is divided by 321?
51
Calculate the remainder when 1039 is divided by 80.
79
What is the remainder when 1295 is divided by 26?
21
What is the remainder when 445 is divided by 133?
46
Calculate the remainder when 52 is divided by 11.
8
What is the remainder when 322 is divided by 218?
104
What is the remainder when 101 is divided by 34?
33
What is the remainder when 1062 is divided by 325?
87
What is the remainder when 1214 is divided 